-3*z**2 + 62*z + 12. Let r be q(26). Let i = r - -405. Let b(k) = k + 39*k**3 - 14*k**3 - 2*k. Determine b(i).
24
Let s = 31894 + -31898. Let g(x) = -x**3 + 14*x - 11. Give g(s).
-3
Let l(c) be the second derivative of c**7/840 + c**6/180 - c**5/60 + c**4/12 - 29*c**3/6 + 32*c + 2. Let y(s) be the second derivative of l(s). What is y(-4)?
-22
Let s(k) = 6*k - 2*k**2 + 256 + 347 - 588. Give s(6).
-21
Let w(m) be the third derivative of -m**4/24 - m**3/3 + 5993*m**2. Give w(8).
-10
Let q(s) = -4*s + 5. Let j be 9 - (12/7 + (-4)/(-14)). Suppose -9*w - 12 = -j*w. Let t = -1 - w. Determine q(t).
-15
Let l(j) = 3*j - 6. Let o be l(-33). Let p be (-399)/o + 1/5. Let v(d) be the second derivative of -d**3/6 + d**2 - 2*d. Determine v(p).
-2
Let y(i) = -i + 1. Let u(w) = -4*w + 2. Let g(d) = u(d) - 3*y(d). Let p(k) = -8*k - 4. Let m(a) = 6*g(a) - p(a). What is m(-2)?
-6
Let i(a) = -5*a**3 + 20*a**2 + 17*a + 46. Let c(f) = 7*f**3 - 21*f**2 - 17*f - 47. Let h(o) = -2*c(o) - 3*i(o). Calculate h(19).
-6
Let z(d) = -d**3 - d**2 + d + 1. Let b(c) = -2*c**3 - c**2 + c + 1. Let m(h) = h**2 + 5*h + 9. Let f be m(-2). Let l(x) = f*z(x) - b(x). Give l(-3).
5
Let j = -53 + 215. Let w = j + -160. Let z(l) = -3*l**2 + 2*l + 1. What is z(w)?
-7
Suppose -o - 20 = 4*a, -27 = -3*o - 15. Let f(p) = p**3 + 5*p**2 - 7*p - 15. Determine f(a).
-9
Let w(j) = j + 1. Let p = -2 + -11. Let k(t) = 7*t + 7. Let f(q) = -15*q - 13. Let l(a) = p*k(a) - 6*f(a). Let z be l(-12). Calculate w(z).
0
Suppose -4*h + 5*a = 17, -5*a + 6 = -19. Suppose -26 = h*g - 18. Let x(p) = -4*p - 11. What is x(g)?
5
Let g = 200 - 191. Let x(i) = 17*i**2 + i - 8. Let m(k) = 4*k**2 - 2. Let c(o) = g*m(o) - 2*x(o). Determine c(2).
2
Let h(o) be the second derivative of -o**7/840 - o**6/45 - 7*o**4/24 - o**3 + 2*o - 2. Let c(s) be the second derivative of h(s). Give c(-8).
-7
Let b(g) = g**3 - 8*g**2 - 11*g + 14. Let t(l) = -12*l - 15. Let j be t(-2). What is b(j)?
-4
Let f be 3 + -4 + 4 + -3 + 4. Suppose -5*q = 2*t - 63, q - 35 = -2*q - f*t. Suppose -12*m - 4 = -q*m. Let c(b) = b**2 - 7*b + 6. What is c(m)?
-6
Let v(t) = 3716 - 1222 - 1245 - 6*t - 1221. What is v(7)?
-14
Let i = 38763 - 38760. Let d(k) = k - 3*k + 3*k - 5. What is d(i)?
-2
Let j = 16069 + -16067. Suppose 3*g - g - 4 = 0. Let r(z) = -4*z - 2*z**2 + g*z + z. Calculate r(j).
-10
Let z(j) be the third derivative of 0*j + 4 + 1/24*j**4 - 5*j**2 + 1/3*j**3. Calculate z(3).
5
Let y(m) = m**3 + 12*m**2 + 2*m + 100. Let w(r) = r**3 + 13*r**2 + r + 112. Let o(d) = 5*w(d) - 6*y(d). What is o(-7)?
9
Let o(x) = x**3 - 4*x**2 - 4*x. Let n be o(5). Let q be 2/(3/(-5 + 8)). Let c(f) = -f + f**2 + 6*f - 2*f**q - 7 + f. Calculate c(n).
-2
Let l(k) = k**3 + 9*k**2 + 5*k + 36. Let y = -3229 - -3220. Determine l(y).
-9
Let k be ((-2)/(-4))/((-1)/(-12)). Suppose 320*p - 18 = 3*l + 325*p, -3*l = 2*p. Let q be (l/k)/(54/(-81)). Let b(t) = -16*t**3 - t**2 - 2*t - 1. What is b(q)?
16
Let u(w) = -w**3 - 3*w + 1. Let x(j) = 4*j**3 + 2*j**2 + 17*j - 5. Let v(o) = -6*u(o) - x(o). Let y = -6 - -9. Determine v(y).
38
Let g(b) = -3*b + 54. Let s be g(16). Let t(o) = o**3 - 5*o + 4*o**3 - 6*o**2 - 1 - s*o**3. Suppose 8 = 3*a - 5*a. What is t(a)?
-13
Let k(q) = -14*q + 24. Let p(i) = 23*i - 41. Let t(y) = 5*k(y) + 3*p(y). Let f = 5 + -7. Give t(f).
-1
Let m be (204/42)/((-4)/(-14)). Suppose -3*p = -5*f - 20, p + 25 = -2*f + m. Let b(w) = 2*w**2 + 5*w - 3. Give b(f).
9
Let k(u) = -u**2 + 10*u - 10. Let a(f) = f**2 - 9*f + 9. Let o(t) = -2*a(t) - 3*k(t). Let b be 2 - (7 + -4) - -12. What is o(b)?
1
Let w(k) = k**2 + 12*k - 15. Let o = -2854 - -2841. Calculate w(o).
-2
Let x(q) = -38*q + 43. Suppose -z = -158*z - 92*z + 249. Calculate x(z).
5
Let x(s) = s**2. Suppose 129 + 335 = 16*d. Suppose 60 = 14*q - d*q. Give x(q).
16
Let d(w) be the first derivative of -5*w - 6*w**2 - 1/3*w**3 + 211. Give d(-13).
-18
Suppose -5*b = -4*f, -2*b + 0*b - 2*f + 18 = 0. Suppose 2*a = -b*a - 30. Let i(s) = -s**3 - 5*s**2 - 3*s - 4. Give i(a).
11
Let d(u) = -6*u**2 + 965*u - 7 - 969*u - 8*u**3 + 7*u**3. Suppose 0 = -6*z + 9*z. Let r be 5/(0 - (1 + z)). Determine d(r).
-12
Let n(t) = -2*t - 10. Suppose 0 = 11*b - 75 + 119. Give n(b).
-2
Suppose -t = -b - 40, 2*t - 3*b + 2*b - 78 = 0. Let f = 43 - t. Let j(a) = f*a - 6 + 2 - 2. Give j(4).
14
Suppose -14*j + 1381 = 1353. Let s(c) be the third derivative of 0 + 0*c + 4*c**j + 1/6*c**4 - 5/6*c**3 + 1/30*c**5. Calculate s(-4).
11
Let i be (0 - -39)*(-2)/3. Let o(h) = h**2 - h + 6. Let j be o(5). Let s = j + i. Let b(n) = -n**2 + n. Determine b(s).
0
Let f(y) be the first derivative of 13*y**5/120 + y**4/24 + 185*y**3/3 + 76. Let v(d) be the third derivative of f(d). What is v(1)?
14
Let w = -3305 + 3309. Let r(f) = -4*f + 13. Give r(w).
-3
Let g(i) = 2*i**3 + 7*i**2 - 5*i + 12. Let x = -27806 + 27801. Calculate g(x).
-38
Let h = -6510 + 6509. Let w(g) = -28*g**2 - 4*g - 2. Let y(u) = 14*u**2 + 2*u + 1. Let j(b) = 6*w(b) + 13*y(b). What is j(h)?
13
Let l(c) = 2 + 4*c + 2*c + 0*c - 5*c. Let v(h) = -12*h + 65. Let u(n) = 2*n + 1. Let x(q) = 2*u(q) + v(q). Let z be x(9). What is l(z)?
-3
Let j(u) = 4*u**2 - 13*u + 9. Let x(r) = -r**2 + r + 3. Let z(g) = -16*g**2 + 42*g - 19. Let b(p) = -3*x(p) + z(p). Let y(w) = -2*b(w) - 7*j(w). Determine y(5).
8
Let a(s) = s**3 + 3*s**2 + s - 2. Let h(m) = m**3 + 19*m**2 + 67*m - 206. Let k be h(-12). Give a(k).
0
Let t be (198/(-12) - -17)/((-2)/(-26*2)). Let m(c) = -c**3 + 13*c**2 - 9*c - 14. What is m(t)?
-131
Let n(j) = -3*j**3 - j**2 - j + 2. Let g(o) = -7*o**3 + 7*o**2 - 19*o + 40. Let r(k) = -g(k) + 2*n(k). Give r(6).
-42
Let i(t) be the third derivative of t**7/1680 + t**6/36 + 91*t**5/30 + t**2 - 75*t. Let x(c) be the third derivative of i(c). Calculate x(-7).
-1
Let j(n) = 271 + 18 - n - 297. Let r(d) = 2*d**3 + d**2 + 5. Let k be r(-2). What is j(k)?
-1
Let s(r) be the third derivative of r**6/180 - r**5/120 + r**4/12 + 8*r**3/3 - r**2 + r. Let k(l) be the second derivative of s(l). What is k(-2)?
-9
Let m = -84 + 93. Suppose 2*j + 5*h = m*h - 6, -4*j = 2*h - 8. Let p(n) = 20*n**2 + n - 1. Calculate p(j).
20
Let v(k) = k**3 - 9*k**2 + 23*k - 2. Let y = 2694 - 2689. What is v(y)?
13
Let o(i) = 518*i + 2583. Let q be o(-5). Let x(s) = -2*s - 46. Give x(q).
-32
Suppose 29*q - 270 = -328. Let k(h) = 17*h**3 - 2*h**2 + h + 1. What is k(q)?
-145
Let b be (-4)/5 + -28*(-44)/(-385). Let h(d) = -d**3 - 5*d**2 - 24*d - 82. Determine h(b).
-2
Suppose -21 = -5*y - i + 92, i - 44 = -2*y. Suppose -2*x - 13 + y = 0. Suppose -x*w + 4 = -16. Let c(k) = 2*k - 6. Give c(w).
2
Let i(m) = -2*m - 4. Let y(j) = -4*j - 7. Let g(q) = -7*q**2 + 34*q + 2. Let v be g(5). Let c(l) = v*y(l) + 5*i(l). Determine c(-3).
-5
Let t(p) be the third derivative of -p**4/8 + 43*p**3/3 - 2*p**2 + 2*p + 43. Determine t(26).
8
Suppose 15*y - 277 = -112. Let f(w) = 2*w**3 - 17*w**2 + 20*w + 5. Let k(h) = -h**3 + 9*h**2 - 10*h - 3. Let q(z) = -3*f(z) - 7*k(z). What is q(y)?
-5
Let u(c) = -c - 4. Suppose 4*m - 60 = 3*q, 3*q + 103 = -m + 58. Calculate u(q).
12
Suppose n + 3*n - 4 = 0. Let h be -5*(-18)/15 - -2. Let u(k) = 12*k**2 - 7 + h - 14*k**2 + 10*k**2. Determine u(n).
9
Let r(b) = 21*b**2 - 5*b + 5. Suppose 51*o = 5*o + 92. Give r(o).
79
Let t(v) = -2*v**2 - 4*v + 5. Suppose -10 = -2*h - 3*y, 10 = 3*h + 3*y - 8. Suppose -h = -2*r - 4, 2*a + 10 = r. Determine t(a).
-11
Let s(r) = 1. Let x(m) = 5*m**2 - m. Let g be x(-1). Let t(j) = j + 6. Let n(d) = g*s(d) - t(d). Let f be n(-5). Let h(w) = w**2 - 5*w - 2. Calculate h(f).
-2
Let a be (12 + -9)/((-15)/(-6) - 1). Let v(b) = 191*b**3 - 3*b**a - b + 3*b - 192*b**3. What is v(2)?
-16
Let b(g) = 6*g - 38. Let q be b(11). Suppose -2 = -0*a - 4*a + 2*z, a = -5*z + q. Let h(u) = 1 + 2*u**3 - 11*u + 3 - a*u**3 + 11*u**2 + 8. What is h(10)?
2
Let v(h) = -3*h + 6. Let r = 1464 - 1455. Give v(r).
-21
Let p(q) be the first derivative of q**4/4 + 2*q**3 + 5*q**2/2 + 2*q - 1216. Suppose 5*n - 8 = -33. Give p(n).
2
Let q(i) = -i + 11. Suppose 0 = c - 2 - 9. Let g be q(c). Suppose 4*h + 5*h = -g*h. Let x(y) = y**2 + 6. Determine x(h).
6
Let s(q) = -7*q - 1. Let z = -8 - -5. Let h(k) be the third derivative of -19*k**4/24 - 2*k**3/3 - 3182*k**2 - 1. Let b(c) = z*h(c) + 8*s(c). Calculate b(4).
8
Suppose 2816*u - 24 =